4*x - 0*x + 11. Let f be (-29 + 27)/(0 - n). Let k(y) = 3*y**3 + 2*y**2 - y - 2. Give k(f).
-16
Let n(q) = 45449*q + 6 - 45454*q - 6. What is n(4)?
-20
Let d(z) = 15*z + 1. Let b(j) = 56*j - 57. Let f(o) = -b(o) + 4*d(o). Calculate f(-13).
9
Let d be -10 + (14 - (-48)/(-8)). Let z(v) = 4*v**2 + 3*v - 3. What is z(d)?
7
Let a(l) be the third derivative of l**7/2520 + 7*l**6/720 + l**5/20 + 2*l**4/3 + l**3/6 - 27*l**2. Let f(x) be the second derivative of a(x). Give f(-5).
-4
Let p(j) = -3*j**2 - 3*j + 7. Let l = 43 + -44. Let h(i) = i**2 + i - 2. Let d(a) = l*p(a) - 4*h(a). Let g = 3 - 7. Calculate d(g).
-11
Let s(n) = 0*n - 4*n + 116 + 72 - 93 + 29. Let l be s(30). Let y(d) = 0 + 0 + d. Calculate y(l).
4
Suppose 1104*m = 1114*m + 80. Let g(n) = 5*n + 1. Let z be g(1). Let h(s) = 0*s - 4*s + 4 + z*s. Determine h(m).
-12
Let r(n) = -302 - n - 286 + 545. Calculate r(0).
-43
Let i = 35 - 39. Let u(c) be the second derivative of -c**6/720 - c**5/20 - 3*c**4/2 + 11*c. Let p(x) be the third derivative of u(x). What is p(i)?
-2
Let o(m) = -20*m + 489 - 485 - 4*m. Give o(-1).
28
Let w be 4 - 0 - (5 + 7). Let g(y) be the second derivative of y**4/6 + 8*y**3/3 + y**2/2 - 871*y. What is g(w)?
1
Let p(a) be the third derivative of 0*a - 1/6*a**5 + 6 + 1/6*a**3 + 1/120*a**6 + a**2 - 1/24*a**4. What is p(10)?
-9
Let p(j) be the third derivative of j**5/24 + 17*j**4/24 + 94*j**3/3 + 114*j**2. Let b(d) be the first derivative of p(d). Give b(-6).
-13
Let h(s) = -221 + 41*s**2 + 7*s - 22*s - 2*s**2 - 3*s**2 - 35*s**2. Calculate h(-9).
-5
Suppose 0*o = -2*o - t - 7, 2*t + 13 = -3*o. Let p(r) = -128*r + 255*r - 130*r. Give p(o).
3
Let r(z) = -z**2 - 8*z + 7. Let k(u) = 7*u + 443. Let l be k(-47). Suppose l = -11*c + 15. Calculate r(c).
-2
Suppose 6*p + 24 = 5*r, -8*r - 3*p = -3*r + 12. Let s(c) = -17 - 2*c + 0*c + c + 3 + r*c. Calculate s(-9).
-5
Let i(c) = c**2 + 7*c - 11. Let y be i(-9). Suppose 0 = -f + 6*f - 25. Suppose -6*p + f + y = 0. Let b(v) = -v**2 + v + 1. What is b(p)?
-1
Let f be ((-13)/(-26))/(590/880 + 20/(-32)). Let z(p) = -3*p + 2*p - 1 + 7. What is z(f)?
-5
Suppose 154 = -19737*q + 19744*q. Let p(o) = -o + 25. What is p(q)?
3
Let b(f) = 4061 - 3946 + 10*f - 2*f + 3*f. Calculate b(-11).
-6
Let m(a) = a**2 - 21*a + 87. Suppose 0 = -5*o - 5*k + 4 + 16, -11*o + 4*k + 74 = 0. What is m(o)?
-3
Let g(l) = 28*l**2 + 35*l + 1892. Let o(w) = 10*w**2 + 12*w + 665. Let i(h) = 6*g(h) - 17*o(h). Determine i(8).
-33
Let r(c) = c**3 + 3*c**2 + 6*c. Let w(j) = -1062*j + 1056. Let y be w(1). Determine r(y).
-144
Let x(s) = s**3 + 15*s**2 + 46*s - 18. Let a be x(-5). Let n(t) = 20*t - 24. What is n(a)?
16
Suppose 3*d = -2*d + 20, 2*d - 20 = -4*u. Let q(k) = 1 - 85*k + 78*k + u - 2*k**2. Let f be q(-4). Let c(z) = -z**2 + 6. Calculate c(f).
6
Let d = -508 + 502. Let a(h) = 29*h + 176. Let x be a(d). Let c(f) = f - 7. What is c(x)?
-5
Let z(k) = 2*k**2 + 3*k + 2. Suppose 0 = -5*f - 20, 13*f - 16*f = -l + 7. Let r be l - -4*(-5)/20*-1. Calculate z(r).
22
Suppose -426 = 175*g - 181*g. Let b(d) = -3 - 73*d + g*d + 3. Suppose -5*t = -q - 2, 9 = -2*q + 3*t + 2*t. Calculate b(q).
14
Let r(w) = w**3 - 8*w**2 - 7*w - 2. Let o be r(9). Suppose 5*a - 26 + 7 = -4*m, -5*a + o = m. Let b(j) = 3*j**2 + m + 3*j - 2*j**2 + 2*j. What is b(-4)?
-3
Let u(m) = m**3 + 9*m**2 + 7*m - 5. Suppose 3*g = 4*r + 12, 0 = 2*r + 1 - 7. Suppose -g*p + 3*p + 169 = y, 20 = 5*y. Suppose -3*h = -9 + p. What is u(h)?
3
Let v(f) = -2*f**3 + f + 1. Let p(r) = 99*r + 110. Let y be p(-8). Let n = y - -681. Give v(n).
2
Let x(p) be the second derivative of p**5/20 + p**4 - p**3/6 - 11*p**2/2 + 2518*p. Calculate x(-12).
1
Let c(u) = 5*u**2 + 10*u + 16. Let i(o) = 8*o**2 + 19*o + 31. Let n(l) = 5*c(l) - 3*i(l). Let w = 25 - 16. Give n(w).
5
Suppose -131 = -48*b - 108*b + 181. Let p(n) = 59*n - 6. Determine p(b).
112
Let f(g) = g**3 - 5*g**2 - 16*g + 56. Let l be (-494)/(-3211) + 6*(-42)/(-52). Give f(l).
-24
Let o(z) = 42*z - 21. Suppose -552 = -5*f - 3*u + 58, 0 = 3*f - 3*u - 366. Suppose 4*m = -14 + f. Let d(w) = -6*w + 3. Let v(l) = m*d(l) + 4*o(l). What is v(2)?
9
Let m(u) = -145 - 18*u - 9 + 16 + 62. Give m(-6).
32
Suppose -f = -4*b + 13, -15*f - 1 = -3*b - 16*f. Let k(t) be the second derivative of 0 + 1/12*t**4 + b*t + 5/6*t**3 - 2*t**2. Give k(-6).
2
Let y = -9 + 13. Let w(n) = -n + 15*n + y - 7*n - 9*n. Calculate w(6).
-8
Let j(s) = -2*s**2 - 44*s - 215. Let u = -4674 + 4659. What is j(u)?
-5
Let d(w) be the second derivative of w**5/20 - w**4/12 - w**3/3 - w**2/2 + 7526*w. Let t(g) = g + 5. Let s be t(-6). What is d(s)?
-1
Let u = -6 + 2. Let r(b) be the second derivative of -b**2 - 35*b + 0 - 1/6*b**3. What is r(u)?
2
Let q = -452 + 444. Let w(c) be the third derivative of -c**5/60 - 5*c**4/12 - 2*c**3 - 370*c**2 - c. What is w(q)?
4
Suppose -79 = 7*a + 5. Let v be (-306)/2*4/a. Let l = -47 + v. Let d(z) = z**3 - 3*z**2 - 5*z + 4. Give d(l).
0
Let n(f) = 56*f**2 + 125*f + 176. Let z(q) = 51*q**2 + 126*q + 185. Let j(b) = -10*n(b) + 11*z(b). What is j(-2)?
7
Let b(f) = 3 + f + 2 - 8. Suppose 0 = -3*q + 23 - 5. Let i be 5/(15/q - (-3)/(-2)). Calculate b(i).
2
Suppose 113*j - 107*j = 192. Suppose -5*a - j = -u, 2*a - 3*a = -5*u + 40. Let p(d) = -3*d + 1. Give p(u).
-20
Suppose 0 = -5*d - 4*p + 68, 4*d - 31 = 2*p + 13. Let f(j) = 7 - 5 + 1 - d*j + 11*j. Let o(w) = -w**3 + 5*w**2 + 2*w - 5. Let m be o(5). Determine f(m).
-2
Let h be (1*-3)/(2/(-4)*3). Suppose -h*k - 7 = k + 4*i, 3*i = k - 15. Let q(f) = f**3 - 3*f**2 - f + 1. Give q(k).
-2
Suppose -4*s + c - 183 = -8*s, 47 = s - c. Let d(y) = -43*y**2 - s*y**2 + 1 - 6*y + 0 + 90*y**2. Determine d(6).
1
Suppose 0 = -0*t + 2*t + 4*a - 520, -4*t - a = -1075. Let v = t - 262. Let j(z) = 7*z**2 + 0*z**3 - 4*z + 11*z + 0*z**3 - z**3 + 3. Calculate j(v).
-5
Let h = 35 + -33. Suppose j - 5*s = -21, -h*j + 6 = 5*s + 3. Let d(m) be the first derivative of -m**2/2 + 4*m + 6. Determine d(j).
10
Let h(t) = -t**2 - 32*t - 64. Suppose 0 = 44*p + 1366 - 46. Give h(p).
-4
Let h(j) = 4*j - 26. Let o = 0 + 9. Let u be h(o). Let x(n) = -n**2 + 9*n + 11. Calculate x(u).
1
Suppose -5*k + 3*u = -0*k - 25, -5*u = -k - 17. Let v(a) = 1140*a - 1162*a - k + 9. Give v(1).
-21
Suppose -4*u - 5*o + 36 = 0, 208*u - 205*u = -2*o + 20. Let k(h) = -h**3 + h**2 + 15*h + 8. What is k(u)?
20
Let z(t) be the first derivative of 1/60*t**5 - 2/3*t**3 + 1/6*t**4 + 0*t - 23 + 15*t**2. Let w(d) be the second derivative of z(d). Calculate w(-3).
-7
Let w(o) = -2*o**3 - 21*o**2 - 50*o - 1. Let y be w(-7). Let n = 5 - 2. Let f(q) = -q**n + 2 + 0*q**3 - 3*q - 3 + 7*q**2. Give f(y).
17
Let y(k) = 4*k**2 + 3*k + 2. Suppose -496*a = -505*a + 27. Calculate y(a).
47
Let a(p) = 0*p**2 + p**2 - p + 2 + 1 - 7 + 5. Let q(h) = h**2 + 5*h - 9. Let s be q(-7). Let x = 3 - s. Calculate a(x).
7
Let j(f) = f**2 + 10*f - 11. Let c be j(-11). Let i be 5/(5/2) + c/(-2). Let m(k) = 0*k**2 + 3*k + 2 + 9*k**2 - 16*k**i - 5*k. What is m(-2)?
-22
Let v(f) = -f - 18. Let j(d) = 63*d - 10. Let x be j(-8). Let g = x + 501. Give v(g).
-5
Let y(k) = -8*k + 156. Let h be y(19). Let a(o) = -1 - 2*o - 4 + o**3 - h*o**2 - 6*o + 6*o. What is a(4)?
-13
Let s(r) = -r**2 + r - 2. Let l(b) = -2*b**2 - 9*b + 12. Let i(u) = l(u) - 5*s(u). Give i(2).
6
Let l(p) = -5*p + 45. Suppose -27*t + 23*t + 27 = -m, 3*t + m = 15. Calculate l(t).
15
Let o be (-2 - (-13 + -15)) + 8 + -5 + -5. Let i(t) = 13*t - 297. What is i(o)?
15
Let m be (-10)/10 + 3 + 2. Let q(c) = -8 + m + 5 + 3 + c. Let h = 4 + 0. Give q(h).
8
Suppose 31*u = 3*u - 752 + 724. Let l(a) be the third derivative of 3*a**4/8 - a**3/3 + 2*a**2. Determine l(u).
-11
Let b(c) be the first derivative of 2*c**2 - 34*c - 2040. What is b(-6)?
-58
Let k(y) be the first derivative of -y**2/2 - 8*y + 933. Determine k(-15).
7
Let c(u) = -6*u + 13. Suppose -250*q = 854*q - 104*q + 5000. Determine c(q).
43
Let o(b) = -5*b**2 + 927*b + 9. Let d(i) = 7*i**2 - 1394*i - 9. Let z(v) = 2*d(v) + 3*o(v). Let l(n) = -n**3 - 2*n**2 + 3*n - 1. Let g be l(2). Give z(g).
-35
Let k(l) be the second derivative of -l**5/20 + 29*l**4/12 + l**3/6 - 15*l**2 + 1475*l. Give k(29).
-1
Let y = 517 - 509. Suppose 2*o - y = 2*s - 28, 2*s + o = 5. Let p(z) = z**3 - 6*z**2 + 4*z - 1. What is p(s)?
-6
Let s(i) be the fir